{"id":2160,"date":"2025-02-05T19:29:49","date_gmt":"2025-02-05T19:29:49","guid":{"rendered":"https:\/\/alexmirkhan.com\/?page_id=2160"},"modified":"2026-03-25T18:16:20","modified_gmt":"2026-03-25T18:16:20","slug":"produtor-e-roteirista","status":"publish","type":"page","link":"https:\/\/alexmirkhan.com\/es\/produtor-e-roteirista\/","title":{"rendered":"Produtor e roteirista"},"content":{"rendered":"<div data-elementor-type=\"wp-page\" data-elementor-id=\"2160\" class=\"elementor elementor-2160\" data-elementor-post-type=\"page\">\n\t\t\t\t<div class=\"elementor-element elementor-element-5fcb774d e-flex e-con-boxed e-con e-parent\" data-id=\"5fcb774d\" data-element_type=\"container\">\n\t\t\t\t\t<div class=\"e-con-inner\">\n\t\t\t\t<div class=\"elementor-element elementor-element-2b0e4405 elementor-widget elementor-widget-text-editor\" data-id=\"2b0e4405\" data-element_type=\"widget\" data-widget_type=\"text-editor.default\">\n\t\t\t\t<div class=\"elementor-widget-container\">\n\t\t\t\t\t\t\t\t\t\n<p>A experi\u00eancia jornal\u00edstica, os contatos cultivados em Bras\u00edlia e o dom\u00ednio das ferramentas audiovisuais tamb\u00e9m facilitaram o percurso at\u00e9 a produ\u00e7\u00e3o e a roteiriza\u00e7\u00e3o para trabalhos de curta, m\u00e9dia ou longa dura\u00e7\u00e3o. Nas elei\u00e7\u00f5es de 2022, atua\u00e7\u00e3o como stringer para a rede Al Jazeera; em janeiro de 2023, produ\u00e7\u00e3o e apura\u00e7\u00e3o para o The Washignton Post; no in\u00edcio de 2024, produ\u00e7\u00e3o de um epis\u00f3dio do TED Talks; Desde 2021 produz roteiros semanalmente para v\u00eddeos do Brasil de Fato e TVT.<\/p>\n\t\t\t\t\t\t\t\t<\/div>\n\t\t\t\t<\/div>\n\t\t\t\t\t<\/div>\n\t\t\t\t<\/div>\n\t\t<div class=\"elementor-element elementor-element-317cfd5 e-flex e-con-boxed e-con e-parent\" data-id=\"317cfd5\" data-element_type=\"container\">\n\t\t\t\t\t<div class=\"e-con-inner\">\n\t\t\t\t<div class=\"elementor-element elementor-element-b19ad49 elementor-widget elementor-widget-image\" data-id=\"b19ad49\" data-element_type=\"widget\" data-widget_type=\"image.default\">\n\t\t\t\t<div class=\"elementor-widget-container\">\n\t\t\t\t\t\t\t\t\t\t\t\t\t\t\t<img fetchpriority=\"high\" decoding=\"async\" width=\"1024\" height=\"622\" src=\"https:\/\/alexmirkhan.com\/wp-content\/uploads\/2026\/03\/indigenas-10-1024x622.jpg\" class=\"attachment-large size-large wp-image-2333\" alt=\"\" \/>\t\t\t\t\t\t\t\t\t\t\t\t\t\t\t<\/div>\n\t\t\t\t<\/div>\n\t\t\t\t\t<\/div>\n\t\t\t\t<\/div>\n\t\t\t\t<\/div>","protected":false},"excerpt":{"rendered":"<p>A experi\u00eancia jornal\u00edstica, os contatos cultivados em Bras\u00edlia e o dom\u00ednio das ferramentas audiovisuais tamb\u00e9m facilitaram o percurso at\u00e9 a produ\u00e7\u00e3o e a roteiriza\u00e7\u00e3o para trabalhos de curta, m\u00e9dia ou longa dura\u00e7\u00e3o. Nas elei\u00e7\u00f5es de 2022, atua\u00e7\u00e3o como stringer para a rede Al Jazeera; em janeiro de 2023, produ\u00e7\u00e3o e apura\u00e7\u00e3o para o The Washignton [&hellip;]<\/p>","protected":false},"author":1,"featured_media":0,"parent":0,"menu_order":0,"comment_status":"closed","ping_status":"closed","template":"","meta":{"site-sidebar-layout":"default","site-content-layout":"","ast-site-content-layout":"default","site-content-style":"default","site-sidebar-style":"default","ast-global-header-display":"","ast-banner-title-visibility":"","ast-main-header-display":"","ast-hfb-above-header-display":"","ast-hfb-below-header-display":"","ast-hfb-mobile-header-display":"","site-post-title":"","ast-breadcrumbs-content":"","ast-featured-img":"","footer-sml-layout":"","theme-transparent-header-meta":"","adv-header-id-meta":"","stick-header-meta":"","header-above-stick-meta":"","header-main-stick-meta":"","header-below-stick-meta":"","astra-migrate-meta-layouts":"set","ast-page-background-enabled":"default","ast-page-background-meta":{"desktop":{"background-color":"var(--ast-global-color-4)","background-image":"","background-repeat":"repeat","background-position":"center center","background-size":"auto","background-attachment":"scroll","background-type":"","background-media":"","overlay-type":"","overlay-color":"","overlay-gradient":""},"tablet":{"background-color":"","background-image":"","background-repeat":"repeat","background-position":"center center","background-size":"auto","background-attachment":"scroll","background-type":"","background-media":"","overlay-type":"","overlay-color":"","overlay-gradient":""},"mobile":{"background-color":"","background-image":"","background-repeat":"repeat","background-position":"center center","background-size":"auto","background-attachment":"scroll","background-type":"","background-media":"","overlay-type":"","overlay-color":"","overlay-gradient":""}},"ast-content-background-meta":{"desktop":{"background-color":"var(--ast-global-color-5)","background-image":"","background-repeat":"repeat","background-position":"center center","background-size":"auto","background-attachment":"scroll","background-type":"","background-media":"","overlay-type":"","overlay-color":"","overlay-gradient":""},"tablet":{"background-color":"var(--ast-global-color-5)","background-image":"","background-repeat":"repeat","background-position":"center center","background-size":"auto","background-attachment":"scroll","background-type":"","background-media":"","overlay-type":"","overlay-color":"","overlay-gradient":""},"mobile":{"background-color":"var(--ast-global-color-5)","background-image":"","background-repeat":"repeat","background-position":"center center","background-size":"auto","background-attachment":"scroll","background-type":"","background-media":"","overlay-type":"","overlay-color":"","overlay-gradient":""}},"footnotes":""},"class_list":["post-2160","page","type-page","status-publish","hentry"],"rttpg_featured_image_url":null,"rttpg_author":{"display_name":"Alex Mirkhan","author_link":"https:\/\/alexmirkhan.com\/es\/author\/alex-mirkhan\/"},"rttpg_comment":0,"rttpg_category":null,"rttpg_excerpt":"A experi\u00eancia jornal\u00edstica, os contatos cultivados em Bras\u00edlia e o dom\u00ednio das ferramentas audiovisuais tamb\u00e9m facilitaram o percurso at\u00e9 a produ\u00e7\u00e3o e a roteiriza\u00e7\u00e3o para trabalhos de curta, m\u00e9dia ou longa dura\u00e7\u00e3o. Nas elei\u00e7\u00f5es de 2022, atua\u00e7\u00e3o como stringer para a rede Al Jazeera; em janeiro de 2023, produ\u00e7\u00e3o e apura\u00e7\u00e3o para o The Washignton&hellip;","_links":{"self":[{"href":"https:\/\/alexmirkhan.com\/es\/wp-json\/wp\/v2\/pages\/2160","targetHints":{"allow":["GET"]}}],"collection":[{"href":"https:\/\/alexmirkhan.com\/es\/wp-json\/wp\/v2\/pages"}],"about":[{"href":"https:\/\/alexmirkhan.com\/es\/wp-json\/wp\/v2\/types\/page"}],"author":[{"embeddable":true,"href":"https:\/\/alexmirkhan.com\/es\/wp-json\/wp\/v2\/users\/1"}],"replies":[{"embeddable":true,"href":"https:\/\/alexmirkhan.com\/es\/wp-json\/wp\/v2\/comments?post=2160"}],"version-history":[{"count":10,"href":"https:\/\/alexmirkhan.com\/es\/wp-json\/wp\/v2\/pages\/2160\/revisions"}],"predecessor-version":[{"id":2337,"href":"https:\/\/alexmirkhan.com\/es\/wp-json\/wp\/v2\/pages\/2160\/revisions\/2337"}],"wp:attachment":[{"href":"https:\/\/alexmirkhan.com\/es\/wp-json\/wp\/v2\/media?parent=2160"}],"curies":[{"name":"wp","href":"https:\/\/api.w.org\/{rel}","templated":true}]}}

<div data-elementor-type="wp-page" data-elementor-id="2160" class="elementor elementor-2160" data-elementor-post-type="page">
				<div class="elementor-element elementor-element-5fcb774d e-flex e-con-boxed e-con e-parent" data-id="5fcb774d" data-element_type="container">
					<div class="e-con-inner">
				<div class="elementor-element elementor-element-2b0e4405 elementor-widget elementor-widget-text-editor" data-id="2b0e4405" data-element_type="widget" data-widget_type="text-editor.default">
				<div class="elementor-widget-container">
									
<p>A experiência jornalística, os contatos cultivados em Brasília e o domínio das ferramentas audiovisuais também facilitaram o percurso até a produção e a roteirização para trabalhos de curta, média ou longa duração. Nas eleições de 2022, atuação como stringer para a rede Al Jazeera; em janeiro de 2023, produção e apuração para o The Washignton Post; no início de 2024, produção de um episódio do TED Talks; Desde 2021 produz roteiros semanalmente para vídeos do Brasil de Fato e TVT.</p>
								</div>
				</div>
					</div>
				</div>
		<div class="elementor-element elementor-element-317cfd5 e-flex e-con-boxed e-con e-parent" data-id="317cfd5" data-element_type="container">
					<div class="e-con-inner">
				<div class="elementor-element elementor-element-b19ad49 elementor-widget elementor-widget-image" data-id="b19ad49" data-element_type="widget" data-widget_type="image.default">
				<div class="elementor-widget-container">
															<img fetchpriority="high" decoding="async" width="1024" height="622" src="https://alexmirkhan.com/wp-content/uploads/2026/03/indigenas-10-1024x622.jpg" class="attachment-large size-large wp-image-2333" alt="" />															</div>
				</div>
					</div>
				</div>
				</div>

<p>A experiência jornalística, os contatos cultivados em Brasília e o domínio das ferramentas audiovisuais também facilitaram o percurso até a produção e a roteirização para trabalhos de curta, média ou longa duração. Nas eleições de 2022, atuação como stringer para a rede Al Jazeera; em janeiro de 2023, produção e apuração para o The Washignton [&hellip;]</p>

A experiência jornalística, os contatos cultivados em Brasília e o domínio das ferramentas audiovisuais também facilitaram o percurso até a produção e a roteirização para trabalhos de curta, média ou longa duração. Nas eleições de 2022, atuação como stringer para a rede Al Jazeera; em janeiro de 2023, produção e apuração para o The Washignton&hellip;
